{"id":849,"date":"2022-06-13T21:16:40","date_gmt":"2022-06-13T21:16:40","guid":{"rendered":"https:\/\/osopolita.org\/?page_id=849"},"modified":"2022-10-12T19:36:54","modified_gmt":"2022-10-12T19:36:54","slug":"pribatutasun-politika","status":"publish","type":"page","link":"https:\/\/osopolita.org\/eu\/pribatutasun-politika\/","title":{"rendered":"Pribatutasun-politika"},"content":{"rendered":"\n<p>A los efectos de lo previsto en el <em>REGLAMENTO (UE) 2016\/679 DEL PARLAMENTO EUROPEO Y DEL CONSEJO de 27 de abril de 2016 relativo a la protecci\u00f3n de las personas f\u00edsicas en lo que respecta al tratamiento de datos personales y a la libre circulaci\u00f3n de estos datos y por el que se deroga la Directiva 95\/46\/CE (Reglamento general de protecci\u00f3n de datos)<\/em> [\u201cRGPD\u201d] y enla <em>Ley Org\u00e1nica 3\/2018, de 5 de diciembre, de Protecci\u00f3n de Datos de Personales y Garant\u00eda de los Derechos Digitales<\/em> (\u201cLOPDPGDD\u201d) y su normativa de desarrollo, se le informa de que al aceptar el <em>check box<\/em> que se acompa\u00f1a usted autoriza expresamente que sus datos de car\u00e1cter personal, incluidos los relativos a su imagen y voz, sean incorporados para su tratamiento estrictamente confidencial en un fichero cuyo responsable es OSO POLITA RECORDS S.L. (en lo sucesivo, \u201cla compa\u00f1\u00eda\u201d), con NIF B-95.923.512, cuyo domicilio se encuentra ubicado en Bilbao (Bizkaia), en el Camino de la Ventosa, 46, 1\u00ba D, CP 48013, con la finalidad de gestionar su participaci\u00f3n con cualquier actividad de&nbsp; OSO POLITA (en lo sucesivo, \u201cel evento\u201d), llevar a cabo segmentaci\u00f3n de perfiles con la finalidad de mejorar y optimizar la experiencia asociada a tales eventos, as\u00ed como informarle de otros productos y servicios ofertados por la compa\u00f1\u00eda y el resto de las empresas del grupo LAST TOUR que se detallan m\u00e1s adelante.<\/p>\n\n\n\n<p>Las bases jur\u00eddicas que legitiman el tratamiento de sus datos personales son:<\/p>\n\n\n\n<ul class=\"wp-block-list\"><li>El cumplimiento de un contrato y\/o relaci\u00f3n comercial.<\/li><li>El consentimiento informado que nos otorga de manera expresa, libre e inequ\u00edvoca cuando acepta la presente POL\u00cdTICA DE PRIVACIDAD al enviarnos el formulario correspondiente.<\/li><li>Para el cumplimiento de distintas obligaciones legales que son de obligado cumplimiento para la compa\u00f1\u00eda.<\/li><li>Por inter\u00e9s leg\u00edtimo derivado de toda clase de motivos de seguridad, mejora de nuestros productos y servicios, gesti\u00f3n de sus solicitudes de informaci\u00f3n, reclamaciones y gesti\u00f3n del fraude.<\/li><\/ul>\n\n\n\n<p>Los datos que le solicitamos son adecuados, pertinentes y estrictamente necesarios para llevar a cabo las finalidades descritas. Usted tiene el derecho a retirar el consentimiento en cualquier momento, sin que ello afecte a la licitud del tratamiento basado en el consentimiento previo a su retirada. Tambi\u00e9n nos garantiza la autenticidad, exactitud y veracidad de toda la informaci\u00f3n que nos facilite, comprometi\u00e9ndose a mantener actualizados los datos que nos facilite de forma que los mismos respondan, en todo momento, a su situaci\u00f3n real; ser\u00e1 asimismo el \u00fanico responsable de las manifestaciones falsas o inexactas y de los perjuicios que las mismas pudieran causar.<\/p>\n\n\n\n<p>Conservaremos los datos en tanto exista una relaci\u00f3n contractual o comercial con usted, o mientras usted no ejerza su derecho de supresi\u00f3n, cancelaci\u00f3n y\/o limitaci\u00f3n del tratamiento de datos; terminado dicho plazo de conservaci\u00f3n, la compa\u00f1\u00eda eliminar\u00e1, destruir\u00e1, bloquear\u00e1 o seudonimizar\u00e1 sus datos personales. En el supuesto del bloqueo, siempre se mantendr\u00e1 su informaci\u00f3n sin darle ning\u00fan uso ni efectuar ning\u00fan tratamiento, mientras pueda ser necesaria dicha informaci\u00f3n para el ejercicio de reclamaciones o pueda derivarse alg\u00fan tipo de responsablidad judicial, legal, o contractual de su tratamiento que deba ser atendida y para cuya raz\u00f3n sea necesario proceder a su recuperaci\u00f3n.<\/p>\n\n\n\n<p><strong>CESIONES DE DATOS:<\/strong><\/p>\n\n\n\n<p>Aquellos datos que nos facilite podr\u00e1n ser cedidos a las siguientes sociedades del grupo LAST TOUR para la correcta gesti\u00f3n de los servicios antes indicados, as\u00ed como para informarle de los productos y servicios que puedan ofertarse en un futuro:<\/p>\n\n\n\n<ol class=\"wp-block-list\"><li>LAST TOUR CONCERTS, S.L.<\/li><li>As\u00ed como a cualquier otra entidad, integrada igualmente en el grupo LAST TOUR, y\/o que sustituya a cualquiera o cualesquiera de las anteriores.<\/li><\/ol>\n\n\n\n<p>Asimismo se informa a los usuarios que sus datos ser\u00e1n cedidos a la mercantil THE ROCKET SCIENCE GROUP, LLC \u00fanicamente para la prestaci\u00f3n del servicio de <em>newsletter<\/em> v\u00eda <em>mailchimp<\/em>.<\/p>\n\n\n\n<p>Si paga con tarjeta de cr\u00e9dito, los datos se codificar\u00e1n y transferir\u00e1n a nuestros socios de pago. Cualquier dato personal sobre usted ser\u00e1 \u00fanicamente usado internamente dentro del grupo LAST TOUR y no se ceder\u00e1 a compa\u00f1\u00edas y entidades terceras al margen de las aqu\u00ed expresadas.<\/p>\n\n\n\n<p>Por \u00faltimo, en el caso de que nos remita un <em>curriculum vitae<\/em> para la solicitud de empleo, este pasar\u00e1 a formar parte de un fichero cuya titularidad corresponder\u00e1 a la compa\u00f1\u00eda. La finalidad del fichero es la selecci\u00f3n de personal y al enviarnos espont\u00e1neamente dicha informaci\u00f3n nos est\u00e1 otorgando su consentimiento expreso para que sus datos est\u00e9n disponibles en futuros procesos de contrataci\u00f3n o selecci\u00f3n de personal. Adem\u00e1s, dichos datos podr\u00e1n ser cedidos a LAST TOUR CONCERTS, S.L. y BALKBONE TOUR, S.L. con la misma finalidad.<\/p>\n\n\n\n<p><strong>EJERCICIO DE DERECHOS:<\/strong><\/p>\n\n\n\n<p>Podr\u00e1 ejercer los derechos de acceso, rectificaci\u00f3n o supresi\u00f3n, limitaci\u00f3n al tratamiento, cancelaci\u00f3n u oposici\u00f3n, as\u00ed como su derecho a la portabilidad, en la compa\u00f1\u00eda, Camino de la Ventosa, 46, 1\u00ba D, CP 48013 de Bilbao (Bizkaia). Igualmente, usted tendr\u00e1 derecho a presentar una reclamaci\u00f3n ante la Agencia Espa\u00f1ola de Protecci\u00f3n de Datos. El ejercicio de sus derechos contemplados en la legislaci\u00f3n de protecci\u00f3n de datos podr\u00e1 realizarse en los idiomas euskera, espa\u00f1ol e ingl\u00e9s.<\/p>\n\n\n\n<p><strong>MEDIDAS DE SEGURIDAD:<\/strong><\/p>\n\n\n\n<p>Con el objetivo de salvaguardar la seguridad de sus datos personales, le informamos que la compa\u00f1\u00eda ha adoptado todas las medidas de \u00edndole t\u00e9cnica y organizativa necesarias para garantizar la seguridad inform\u00e1tica de los datos personales suministrados, incluidas (entre otras):<\/p>\n\n\n\n<ol class=\"wp-block-list\"><li>La seudonimizaci\u00f3n y el cifrado de datos personales cuando corresponda.<\/li><li>La capacidad de garantizar la confidencialidad, integridad, disponibilidad y resiliencia permanentes de los sistemas y servicios de tratamiento.<\/li><li>La capacidad de restaurar la disponibilidad y al acceso a los datos personales de forma r\u00e1pida, en caso de incidente f\u00edsico o t\u00e9cnico.<\/li><li>Un proceso de verificaci\u00f3n, evaluaci\u00f3n y valoraci\u00f3n regulares de la eficacia de las medidas t\u00e9cnicas y organizativas para garantizar la seguridad del tratamiento.<\/li><\/ol>\n","protected":false},"excerpt":{"rendered":"<p>A los efectos de lo previsto en el REGLAMENTO (UE) 2016\/679 DEL PARLAMENTO EUROPEO Y DEL CONSEJO de 27 de abril de 2016 relativo a la [&hellip;]<\/p>\n","protected":false},"author":1,"featured_media":0,"parent":0,"menu_order":0,"comment_status":"closed","ping_status":"closed","template":"template-legales.php","meta":{"footnotes":""},"class_list":["post-849","page","type-page","status-publish","hentry"],"jetpack_sharing_enabled":true,"_links":{"self":[{"href":"https:\/\/osopolita.org\/eu\/wp-json\/wp\/v2\/pages\/849","targetHints":{"allow":["GET"]}}],"collection":[{"href":"https:\/\/osopolita.org\/eu\/wp-json\/wp\/v2\/pages"}],"about":[{"href":"https:\/\/osopolita.org\/eu\/wp-json\/wp\/v2\/types\/page"}],"author":[{"embeddable":true,"href":"https:\/\/osopolita.org\/eu\/wp-json\/wp\/v2\/users\/1"}],"replies":[{"embeddable":true,"href":"https:\/\/osopolita.org\/eu\/wp-json\/wp\/v2\/comments?post=849"}],"version-history":[{"count":1,"href":"https:\/\/osopolita.org\/eu\/wp-json\/wp\/v2\/pages\/849\/revisions"}],"predecessor-version":[{"id":850,"href":"https:\/\/osopolita.org\/eu\/wp-json\/wp\/v2\/pages\/849\/revisions\/850"}],"wp:attachment":[{"href":"https:\/\/osopolita.org\/eu\/wp-json\/wp\/v2\/media?parent=849"}],"curies":[{"name":"wp","href":"https:\/\/api.w.org\/{rel}","templated":true}]}}

<p>A los efectos de lo previsto en el <em>REGLAMENTO (UE) 2016/679 DEL PARLAMENTO EUROPEO Y DEL CONSEJO de 27 de abril de 2016 relativo a la protección de las personas físicas en lo que respecta al tratamiento de datos personales y a la libre circulación de estos datos y por el que se deroga la Directiva 95/46/CE (Reglamento general de protección de datos)</em> [“RGPD”] y enla <em>Ley Orgánica 3/2018, de 5 de diciembre, de Protección de Datos de Personales y Garantía de los Derechos Digitales</em> (“LOPDPGDD”) y su normativa de desarrollo, se le informa de que al aceptar el <em>check box</em> que se acompaña usted autoriza expresamente que sus datos de carácter personal, incluidos los relativos a su imagen y voz, sean incorporados para su tratamiento estrictamente confidencial en un fichero cuyo responsable es OSO POLITA RECORDS S.L. (en lo sucesivo, “la compañía”), con NIF B-95.923.512, cuyo domicilio se encuentra ubicado en Bilbao (Bizkaia), en el Camino de la Ventosa, 46, 1º D, CP 48013, con la finalidad de gestionar su participación con cualquier actividad de&nbsp; OSO POLITA (en lo sucesivo, “el evento”), llevar a cabo segmentación de perfiles con la finalidad de mejorar y optimizar la experiencia asociada a tales eventos, así como informarle de otros productos y servicios ofertados por la compañía y el resto de las empresas del grupo LAST TOUR que se detallan más adelante.</p>



<p>Las bases jurídicas que legitiman el tratamiento de sus datos personales son:</p>



<ul class="wp-block-list"><li>El cumplimiento de un contrato y/o relación comercial.</li><li>El consentimiento informado que nos otorga de manera expresa, libre e inequívoca cuando acepta la presente POLÍTICA DE PRIVACIDAD al enviarnos el formulario correspondiente.</li><li>Para el cumplimiento de distintas obligaciones legales que son de obligado cumplimiento para la compañía.</li><li>Por interés legítimo derivado de toda clase de motivos de seguridad, mejora de nuestros productos y servicios, gestión de sus solicitudes de información, reclamaciones y gestión del fraude.</li></ul>



<p>Los datos que le solicitamos son adecuados, pertinentes y estrictamente necesarios para llevar a cabo las finalidades descritas. Usted tiene el derecho a retirar el consentimiento en cualquier momento, sin que ello afecte a la licitud del tratamiento basado en el consentimiento previo a su retirada. También nos garantiza la autenticidad, exactitud y veracidad de toda la información que nos facilite, comprometiéndose a mantener actualizados los datos que nos facilite de forma que los mismos respondan, en todo momento, a su situación real; será asimismo el único responsable de las manifestaciones falsas o inexactas y de los perjuicios que las mismas pudieran causar.</p>



<p>Conservaremos los datos en tanto exista una relación contractual o comercial con usted, o mientras usted no ejerza su derecho de supresión, cancelación y/o limitación del tratamiento de datos; terminado dicho plazo de conservación, la compañía eliminará, destruirá, bloqueará o seudonimizará sus datos personales. En el supuesto del bloqueo, siempre se mantendrá su información sin darle ningún uso ni efectuar ningún tratamiento, mientras pueda ser necesaria dicha información para el ejercicio de reclamaciones o pueda derivarse algún tipo de responsablidad judicial, legal, o contractual de su tratamiento que deba ser atendida y para cuya razón sea necesario proceder a su recuperación.</p>



<p><strong>CESIONES DE DATOS:</strong></p>



<p>Aquellos datos que nos facilite podrán ser cedidos a las siguientes sociedades del grupo LAST TOUR para la correcta gestión de los servicios antes indicados, así como para informarle de los productos y servicios que puedan ofertarse en un futuro:</p>



<ol class="wp-block-list"><li>LAST TOUR CONCERTS, S.L.</li><li>Así como a cualquier otra entidad, integrada igualmente en el grupo LAST TOUR, y/o que sustituya a cualquiera o cualesquiera de las anteriores.</li></ol>



<p>Asimismo se informa a los usuarios que sus datos serán cedidos a la mercantil THE ROCKET SCIENCE GROUP, LLC únicamente para la prestación del servicio de <em>newsletter</em> vía <em>mailchimp</em>.</p>



<p>Si paga con tarjeta de crédito, los datos se codificarán y transferirán a nuestros socios de pago. Cualquier dato personal sobre usted será únicamente usado internamente dentro del grupo LAST TOUR y no se cederá a compañías y entidades terceras al margen de las aquí expresadas.</p>



<p>Por último, en el caso de que nos remita un <em>curriculum vitae</em> para la solicitud de empleo, este pasará a formar parte de un fichero cuya titularidad corresponderá a la compañía. La finalidad del fichero es la selección de personal y al enviarnos espontáneamente dicha información nos está otorgando su consentimiento expreso para que sus datos estén disponibles en futuros procesos de contratación o selección de personal. Además, dichos datos podrán ser cedidos a LAST TOUR CONCERTS, S.L. y BALKBONE TOUR, S.L. con la misma finalidad.</p>



<p><strong>EJERCICIO DE DERECHOS:</strong></p>



<p>Podrá ejercer los derechos de acceso, rectificación o supresión, limitación al tratamiento, cancelación u oposición, así como su derecho a la portabilidad, en la compañía, Camino de la Ventosa, 46, 1º D, CP 48013 de Bilbao (Bizkaia). Igualmente, usted tendrá derecho a presentar una reclamación ante la Agencia Española de Protección de Datos. El ejercicio de sus derechos contemplados en la legislación de protección de datos podrá realizarse en los idiomas euskera, español e inglés.</p>



<p><strong>MEDIDAS DE SEGURIDAD:</strong></p>



<p>Con el objetivo de salvaguardar la seguridad de sus datos personales, le informamos que la compañía ha adoptado todas las medidas de índole técnica y organizativa necesarias para garantizar la seguridad informática de los datos personales suministrados, incluidas (entre otras):</p>



<ol class="wp-block-list"><li>La seudonimización y el cifrado de datos personales cuando corresponda.</li><li>La capacidad de garantizar la confidencialidad, integridad, disponibilidad y resiliencia permanentes de los sistemas y servicios de tratamiento.</li><li>La capacidad de restaurar la disponibilidad y al acceso a los datos personales de forma rápida, en caso de incidente físico o técnico.</li><li>Un proceso de verificación, evaluación y valoración regulares de la eficacia de las medidas técnicas y organizativas para garantizar la seguridad del tratamiento.</li></ol>
